{"id":18,"date":"2023-02-24T17:13:12","date_gmt":"2023-02-24T16:13:12","guid":{"rendered":"https:\/\/www.polesantemagellan.fr\/claire.prasloix\/?page_id=18"},"modified":"2023-02-24T17:19:51","modified_gmt":"2023-02-24T16:19:51","slug":"suivi-psychologique","status":"publish","type":"page","link":"https:\/\/www.polesantemagellan.fr\/claire.prasloix\/suivi-psychologique\/","title":{"rendered":"Suivi psychologique"},"content":{"rendered":"<div id=\"page\">\n<h1 style=\"text-align: center;\"><strong>Suivi psychologique <\/strong>(adultes, adolescents, enfants)<\/h1>\n<h3 style=\"text-align: center;\"><strong>Ma pratique<\/strong><\/h3>\n<div>\n<p>Dans le cadre de ma pratique, j&rsquo;accompagne les enfants, les adolescents et les adultes dans une approche dynamique et int\u00e9grative.<br \/>\nLe suivi peut \u00eatre un soutien ponctuel ne n\u00e9cessitant que quelques s\u00e9ances autour d&rsquo;une question \u00e0 r\u00e9soudre rapidement ou bien \u00e9voluer vers une psychoth\u00e9rapie qui sera un travail plus en profondeur n\u00e9cessitant plus de s\u00e9ances.<\/p>\n<p>Je suis \u00e9galement onco-psychologue, il s&rsquo;agit d&rsquo;une sp\u00e9cialit\u00e9 permettant d&rsquo;accompagner des patients atteint de cancer dans toutes les \u00e9tapes de leur parcours de soins ainsi que leurs proches.<\/p>\n<\/div>\n<p>&nbsp;<\/p>\n<h2 style=\"text-align: center;\"><strong>Les diff\u00e9rents \u00ab\u00a0psy\u00a0\u00bb<\/strong><\/h2>\n<div style=\"width: 800px; background-color: #ddd9b9; padding: 20px; border-radius: 20px; margin: 30px auto 20px auto;\">\n<h3><strong>Le Psychologue<\/strong><\/h3>\n<p>C\u2019est un professionnel form\u00e9 en universit\u00e9 ou \u00e0 l\u2019\u00c9cole de Psychologues Praticiens. Il est titulaire d\u2019un Master 2 de Psychologie ou d\u2019un Doctorat (5 ans d\u2019\u00e9tudes minimum). Son titre est prot\u00e9g\u00e9 et le dipl\u00f4me reconnu par l\u2019\u00c9tat. On distingue le psychologue clinicien qui intervient dans le secteur de la sant\u00e9, du psychologue du travail qui exerce en entreprise.<\/p>\n<p>Le psychologue est le sp\u00e9cialiste du psychisme et du comportement humain. Il r\u00e9alise des analyses et des \u00e9valuations psychologiques de patients en souffrance psychique dans diff\u00e9rents contextes tel que la p\u00e9rinatalit\u00e9, la scolarit\u00e9, le travail, les changements de vie afin de les aider \u00e0 d\u00e9passer celle-ci. Pour cela, il con\u00e7oit et met en place des actions pr\u00e9ventives et curatives comme l&rsquo;\u00e9coute ou les conseils.<\/p>\n<p>Le psychologue ne travaille pas seul, il s\u2019appuie sur un r\u00e9seau de professionnels qui seront pr\u00eats \u00e0 intervenir en fonction de la situation : m\u00e9decin g\u00e9n\u00e9raliste, p\u00e9diatre, orthophoniste, psychiatre.<\/p>\n<\/div>\n<div style=\"width: 800px; background-color: #ddd9b9; padding: 20px; border-radius: 20px; margin: 30px auto 20px auto;\">\n<h3><strong>Le Psychoth\u00e9rapeute<\/strong><\/h3>\n<p>Depuis 2010, le titre de psychoth\u00e9rapeute est encadr\u00e9 par la loi qui impose l\u2019inscription des professionnels au registre national des psychoth\u00e9rapeutes. Ces professionnels accompagnent les personnes dans leurs difficult\u00e9s selon plusieurs techniques et outils.<\/p>\n<\/div>\n<div style=\"width: 800px; background-color: #ddd9b9; padding: 20px; border-radius: 20px; margin: 30px auto 20px auto;\">\n<h3><strong>Le Neuropsychologue<\/strong><\/h3>\n<p>La neuropsychologie est une sp\u00e9cialit\u00e9 de la psychologie. C&rsquo;est une discipline scientifique qui \u00e9tudie les fonctions cognitives dans leurs rapports avec les structures c\u00e9r\u00e9brales.<\/p>\n<p>Le r\u00f4le du neuropsychologue est d&rsquo;\u00e9valuer les particularit\u00e9s des fonctions c\u00e9r\u00e9brales d&rsquo;une personne et de rep\u00e9rer d&rsquo;\u00e9ventuels troubles cognitifs (raisonnement,m\u00e9moire, attention, langage,&#8230;).<\/p>\n<p>Il utilise pour cela des entretiens cliniques et des tests neuropsychologiques (bilans psychologiques).<\/p>\n<\/div>\n<div style=\"width: 800px; background-color: #ddd9b9; padding: 20px; border-radius: 20px; margin: 30px auto 20px auto;\">\n<h3><strong>Le Psychiatre<\/strong><\/h3>\n<p>Le psychiatre est un m\u00e9decin ayant suivi une sp\u00e9cialisation en psychiatrie. Il traite essentiellement les pathologies mentales, il peut poser des diagnostics, prescrire des <strong>m\u00e9dicaments et ses consultations sont rembours\u00e9es par la S\u00e9curit\u00e9 Sociale.<\/strong><\/p>\n<\/div>\n<div style=\"width: 800px; background-color: #ddd9b9; padding: 20px; border-radius: 20px; margin: 30px auto 20px auto;\">\n<h3><strong>Le Psychanalyste<\/strong><\/h3>\n<p>Le suivi psychanalytique est un travail en profondeur, qui s\u2019effectue pendant plusieurs ann\u00e9es. La profession n\u2019est pas r\u00e9glement\u00e9e et ne dispose pas d\u2019un dipl\u00f4me reconnu, le psychanalyste s\u2019appuie sur son bagage th\u00e9orique issu d\u2019ouvrages de r\u00e9f\u00e9rence et de son travail d\u2019analyse personnel.<\/p>\n<\/div>\n<\/div>\n","protected":false},"excerpt":{"rendered":"<p>Suivi psychologique (adultes, adolescents, enfants) Ma pratique Dans le cadre de ma pratique, j&rsquo;accompagne les enfants, les adolescents et les adultes dans une approche dynamique et int\u00e9grative. Le suivi peut \u00eatre un soutien ponctuel ne n\u00e9cessitant que quelques s\u00e9ances autour &hellip; <a href=\"https:\/\/www.polesantemagellan.fr\/claire.prasloix\/suivi-psychologique\/\">Continuer la lecture <span class=\"meta-nav\">&rarr;<\/span><\/a><\/p>\n","protected":false},"author":1,"featured_media":0,"parent":0,"menu_order":0,"comment_status":"closed","ping_status":"closed","template":"onecolumn-page.php","meta":{"footnotes":""},"class_list":["post-18","page","type-page","status-publish","hentry"],"_links":{"self":[{"href":"https:\/\/www.polesantemagellan.fr\/claire.prasloix\/wp-json\/wp\/v2\/pages\/18","targetHints":{"allow":["GET"]}}],"collection":[{"href":"https:\/\/www.polesantemagellan.fr\/claire.prasloix\/wp-json\/wp\/v2\/pages"}],"about":[{"href":"https:\/\/www.polesantemagellan.fr\/claire.prasloix\/wp-json\/wp\/v2\/types\/page"}],"author":[{"embeddable":true,"href":"https:\/\/www.polesantemagellan.fr\/claire.prasloix\/wp-json\/wp\/v2\/users\/1"}],"replies":[{"embeddable":true,"href":"https:\/\/www.polesantemagellan.fr\/claire.prasloix\/wp-json\/wp\/v2\/comments?post=18"}],"version-history":[{"count":1,"href":"https:\/\/www.polesantemagellan.fr\/claire.prasloix\/wp-json\/wp\/v2\/pages\/18\/revisions"}],"predecessor-version":[{"id":19,"href":"https:\/\/www.polesantemagellan.fr\/claire.prasloix\/wp-json\/wp\/v2\/pages\/18\/revisions\/19"}],"wp:attachment":[{"href":"https:\/\/www.polesantemagellan.fr\/claire.prasloix\/wp-json\/wp\/v2\/media?parent=18"}],"curies":[{"name":"wp","href":"https:\/\/api.w.org\/{rel}","templated":true}]}}